s of j?
3, 53
Let g = 152 - 149. Suppose -2*f + 8 = -4*f, g*r - 3*f - 1041 = 0. List the prime factors of r.
7
Let h(s) = s**3 - s**2 - s + 18. Let v(f) = 9*f**2 - 2*f - 7. Let n be v(-3). Suppose 11*b = n - 14. What are the prime factors of h(b)?
2, 3
Let w(u) = -u**2 + 16*u - 10. Let z(v) = v + 5. Let n be z(6). Let k be w(n). What are the prime factors of (-173)/(-5) - (-18)/k?
5, 7
Let t(o) = 14*o**2 - 9*o + 30. Let i be t(-9). Suppose 4*c - 2545 = 3*m, 3*c - i - 670 = m. Let h = c + -409. What are the prime factors of h?
3, 7, 11
Suppose -2*v = 2*d, -6*v + 3*v = 4*d + 2. Let a(m) be the third derivative of 23*m**4/12 + 5*m**3/6 + 6*m**2 + 87. List the prime factors of a(v).
97
Let s(o) = o**3 - 22*o**2 + 3*o - 12. Let j be s(22). Let r(b) = -83*b - 1. Let i be r(-2). Let c = i - j. List the prime factors of c.
3, 37
Suppose -16*q + 5 = -15*q. Suppose 0 = 3*v + 4*h - 462, q*v - 799 = 6*h - 3*h. What are the prime factors of v?
2, 79
Let y(x) = 2581*x - 405. What are the prime factors of y(6)?
3, 11, 457
Let f(b) = -b**3 - 35*b**2 + 36*b + 76. Let p be f(-36). Suppose -p*c = -73*c - 2046. List the prime factors of c.
2, 11, 31
Let m(n) be the first derivative of -n**4/4 - n**2/2 + 1508*n - 104. List the prime factors of m(0).
2, 13, 29
Let k(v) = 29 + 5 - 19*v + 42*v + 7*v. Let p be k(8). Suppose 5*i = -2*l + p, -158 = -4*i + i + 2*l. List the prime factors of i.
2, 3
Suppose 3*r + 2*l = 21481, 2*l + 28660 = 4*r - 0*l. List the prime factors of r.
13, 19, 29
Let p be -7 + -1 + 5 - -3. Suppose 5*j + 5*s - 1890 = p, -13*s + 16*s = -3. List the prime factors of j.
379
Let j be 5 - ((-6 - -3) + 6). Suppose 0 = -j*s + 828 + 432. What are the prime factors of s?
2, 3, 5, 7
Let j(l) = -144*l - 68. Let c be j(7). Let h = c - -1661. List the prime factors of h.
3, 5, 13
Suppose 5*x = 111 + 84. Let d = -37 + x. Suppose d*r = 60 + 12. List the prime factors of r.
2, 3
Suppose 0*w + 2*w + 2*j - 3164 = 0, -w - 4*j + 1567 = 0. Suppose 2*v - 3*g = w, -8*v + 3*g = -9*v + 807. What are the prime factors of v?
2, 3, 7, 19
Let a = -35924 + 51329. List the prime factors of a.
3, 5, 13, 79
What are the prime factors of 29047 - (-12)/9*-12?
3, 9677
Let d = -4549 + 4766. List the prime factors of d.
7, 31
Let u be -443*3/(-12)*4. Let m = u + -83. What are the prime factors of m?
2, 3, 5
Suppose 5*i + 5 = 0, -15 + 3 = -x - i. Suppose 2*o - 3*o + x = 5*z, -18 = -3*z - 4*o. What are the prime factors of (1 - z - 10)*-1?
11
Suppose 35*c + 280 = 40*c. Suppose 2*s = -2*y - 86, 3*y + 6*s = 2*s - 134. Let w = c + y. List the prime factors of w.
2, 3
Let u = 751 + -256. Let w = 351 - u. Let f = w - -228. List the prime factors of f.
2, 3, 7
Let c = 28007 - 13526. List the prime factors of c.
3, 1609
Let t = -1623 - -1788. Suppose w + x = 57, 0 = 5*w + x - 2*x - 309. Let k = t - w. What are the prime factors of k?
2, 13
Let w be (2 - 16/10)*(-325)/(-26). Suppose -w*c = -4*s + 2932, -5*s + 3628 = 11*c - 8*c. List the prime factors of s.
2, 7, 13
Let o = 19298 + -11570. List the prime factors of o.
2, 3, 7, 23
Suppose -3*f - 201*s + 147117 = -204*s, -4*f + 5*s = -196152. What are the prime factors of f?
49043
Suppose -56*c + 46694 - 384134 = -68*c. What are the prime factors of c?
2, 5, 19, 37
Suppose 0 = -2*w - 4*f + 14, 5*w - 2 - 93 = 5*f. Suppose 0 = 89*i - 92*i - 2*z + 673, 0 = -3*z + w. List the prime factors of i.
13, 17
Suppose 2*f = 508*v - 513*v + 178456, -249852 = -7*v + 4*f. What are the prime factors of v?
2, 8923
Suppose 5*l - 1583 = -4*r, -5*l + r + 960 = -2*l. Suppose 49*x = 48*x + l. What are the prime factors of x?
11, 29
What are the prime factors of ((-4)/(-16))/(-5 + (-512223)/(-102444))?
8537
Let o be 46/69*(-3)/(-2). Suppose 0 = 5*q - 24 - o. Suppose -453 = -q*x + 2*x. What are the prime factors of x?
151
List the prime factors of (-119)/35 + (-4)/(-10) - 466992/(-47).
3, 7, 11, 43
Let x(z) = -4*z**2 - 55*z - 12. Let k be x(9). Let y = k + 1772. What are the prime factors of y?
941
Let y be (-1 + (-255)/9)*(-45)/20. Let b = y - 12. Suppose -3*h + 42 = -3*g, 0 = -0*h - 5*h + g + b. List the prime factors of h.
2, 5
Let f(k) = 173*k - 259. What are the prime factors of f(30)?
4931
Let x be (1 - 27/21) + 1654/7. Let p = x - -364. List the prime factors of p.
2, 3, 5
Suppose 5*l + 5*b + 105 = 0, -27 = 2*b - 21. What are the prime factors of -50*(-3)/l*-87?
5, 29
Suppose -t + 627 = 2*p, -53*t = -49*t - 4*p - 2520. Suppose 623*h + 12234 = t*h. What are the prime factors of h?
2039
Let l(t) = 2*t**2 + 19*t - 19. Let g be l(-9). Let m = g - -155. Let z = m - 19. What are the prime factors of z?
2, 3
Let q = 17637 - -55461. What are the prime factors of q?
2, 3, 31, 131
Let n = -45860 - -66223. What are the prime factors of n?
7, 2909
Suppose -6 = 2*k + 3*b, -3*b - 8 + 2 = 0. Suppose -t = h, -h + 4*t + 25 = -k*t. Suppose 3*p + i = 607, 4*p + 0*i - 803 = h*i. List the prime factors of p.
2, 101
Let k(o) be the first derivative of 84*o - 37*o - 5 - 14*o**2 - 40*o. List the prime factors of k(-4).
7, 17
Let d(k) = 5060*k - 2909. What are the prime factors of d(4)?
3, 53, 109
Let m = -270 - -276. Suppose m*v + 17*v - 5313 = 0. List the prime factors of v.
3, 7, 11
What are the prime factors of (8676/(-72))/((-6)/60)?
5, 241
Suppose 2*l + 5*y - 723 = 0, -4*y + 1819 = 5*l - 3*y. Suppose -1214 = -3*p + l. List the prime factors of p.
2, 263
Suppose 2*t - 24 = 5*b, -5*b - 8 = -3*b. What are the prime factors of ((-3)/2 + t)/(2/1964)?
491
What are the prime factors of (38 - (-14028)/(-105))/(1/(-20)*1)?
2, 239
Let h(r) = -1211*r**3 - r**2 + 3*r + 17. What are the prime factors of h(-2)?
5, 7, 277
Let r(c) = 195*c - 818. What are the prime factors of r(8)?
2, 7, 53
Let z = 1597 + -931. Let s be (-7)/(665/(-335) - -2). Let p = s + z. What are the prime factors of p?
197
Let r(c) = 544*c**2 - 317*c - 4263. List the prime factors of r(-12).
3, 17, 509
Let f be 9*(-2)/(-2) - 1. Let y(q) = 2*q**2 - 125*q - 131*q + 386*q - 130*q - 14. List the prime factors of y(f).
2, 3, 19
Suppose 78*t - 74830 = 76*t - y, 2*t - y = 74830. What are the prime factors of t?
5, 7, 1069
What are the prime factors of 1942*((378/(-12))/9 - -4)?
971
Let w be 0/(5/1) - -6. Let v(q) = -q + 5. Let b be v(w). What are the prime factors of 5 + -6 - 67/b?
2, 3, 11
Suppose -5*r - 63 = -v, -r - 4*r + 2*v - 61 = 0. Suppose 0 = -36*k + 392 - 1040. List the prime factors of k*(r + 5) + 2.
2, 73
Let w be 6 - 11/(22/8). List the prime factors of w - ((-2)/(-8) + (-42619)/92).
3, 5, 31
Let n = -21482 + 36343. List the prime factors of n.
7, 11, 193
Suppose 3*y = 0, 3*s = -2*s + 5*y + 560. Let h(l) = -38 + s - l - 5*l**2 + 4*l**2. List the prime factors of h(0).
2, 37
Let h be (2/9 - (-56)/(-36))*-3. Suppose 5*y = -h*f + 1345, 0 = -y - 4*f + 283 - 30. What are the prime factors of y?
3, 7, 13
Suppose -61*t + 241136 = -58*t + i, -2*i = -t + 80360. List the prime factors of t.
2, 3, 17, 197
Let f = 9331 + 4453. List the prime factors of f.
2, 1723
Suppose 0 = 51*l - 46*l - 30. Suppose d = 5*c - 4188, 0 = c + d - l*d - 852. What are the prime factors of c?
3, 31
Let q(z) = 3*z**2 + 3*z - 3. Let y be q(7). Suppose y = 11*d - 8*d. Let s = d + -42. What are the prime factors of s?
13
Let w = -604 - -604. Suppose -28*t + 13099 + 8685 = w. List the prime factors of t.
2, 389
Let m(f) = f**3 - 6*f**2 + 6*f + 12. Let a be m(3). List the prime factors of ((-66)/(-18))/(a/603).
11, 67
Let y = 4016 + 34018. What are the prime factors of y?
2, 3, 2113
What are the prime factors of 10*(-1)/(-6) + -6 + (-718)/(-3)?
5, 47
Let m(k) = -37*k**3 + 32*k**2 + 386*k + 37. List the prime factors of m(-9).
2, 23, 71
Let w be ((-3)/(-4))/(1 + (-9)/12). Suppose w*j + 2*g = 29, j - g = 5*j - 37. Suppose 0 = -j*y + 92 + 520. What are the prime factors of y?
2, 17
Suppose 0 = -3*c - 3*u + 9951, 0 = -5*c + 5*u + 4926 + 11619. List the prime factors of c.
3313
Suppose 3*i - 46 = -5*o, -47 = -2*i - i - 4*o. Suppose 14469 = 4*q + i*q. List the prime factors of q.
13, 53
Let k = -1044 + 4237. List the prime factors of k.
31, 103
Suppose 12*s - 8*s - 20 = 0. Suppose -s*a - 2*h = -3425, -4*a + 7*a - 2055 = -3*h. List the prime factors of a.
5, 137
Suppose -2*u + 0 = -a - 3, -5*u = 2*a + 15. Let t(y) = -y + 10. Let m be t(a). Suppose -530 = m*c - 2